est common factor of a and w?
11
Let w be (-1*1/(-3))/((-5)/(-240)). Let s be 0 - 0 - 4/(-2). What is the highest common factor of w and s?
2
Let m(z) = -2*z - 10. Let j be m(-7). Suppose -j*o + 72 = 4*f - 0*o, -5*f + 90 = 3*o. What is the highest common divisor of 6 and f?
6
Let x be (-322)/(-8) - 3/12. Let q be (-31)/(-3) - 5/15. Let j = -5 + q. What is the highest common divisor of x and j?
5
Let y be 2/(-2) + (14 - 1). Suppose 3*r + 9 + 3 = 4*n, -44 = -4*n - 5*r. Calculate the highest common divisor of y and n.
6
Suppose -t = 170 - 206. Calculate the highest common factor of 90 and t.
18
Let z(b) = -b. Let m(i) = 8*i - 6. Let n(r) = m(r) + 2*z(r). Let y be n(6). Calculate the highest common divisor of y and 3.
3
Let f = 80 - 38. Calculate the greatest common factor of 6 and f.
6
Let n be (-3)/(-2)*34/3. Suppose -2*t = 3 + 7, -3*b = -2*t - 10. Let q = b - -17. Calculate the highest common factor of n and q.
17
Let j = -3 - 1. Let w = 6 + j. Let d(y) = 5*y**2 + 2. Let t be d(2). Calculate the highest common factor of w and t.
2
Suppose -3*w = -2*o - 78, -2*w + 36 = -o + 5*o. Let d be 1/(-2 - -1) - 56/(-8). Calculate the highest common divisor of d and w.
6
Let q = -8 + 19. Let d be (4 - 0)/((-4)/(-22)). What is the greatest common divisor of q and d?
11
Let b(i) be the first derivative of i**3/3 + 5*i**2/2 + 1. Let h be b(-7). Calculate the greatest common divisor of h and 35.
7
Let b = 31 + -5. What is the highest common factor of b and 130?
26
Let y(n) = 2*n**3 - 8*n**2 + 5*n - 7. Let m be y(5). Let w = -12 - -29. Calculate the greatest common factor of m and w.
17
Let m = -12 - -18. What is the greatest common divisor of m and 42?
6
Let y be -3*((3 - 1) + -4). Calculate the greatest common divisor of 4 and y.
2
Suppose 0 = -4*r - 4*g + 148, 4*r - 110 = -5*g + 39. What is the greatest common factor of r and 9?
9
Let m be (-9)/(-36) - (-99)/4. Calculate the highest common divisor of 10 and m.
5
Suppose 6 = -c + 3*c. Suppose 20 = c*j + j. What is the highest common factor of 5 and j?
5
Suppose 2*v + 28 = 4*v. What is the highest common factor of v and 28?
14
Suppose 6 = 3*x + 5*d - 11, -x - 1 = -5*d. Let l = -4 + x. Suppose l = 5*c - c - 144. What is the highest common factor of c and 9?
9
Let m = -2 + -6. Let l(p) = -2*p - 10. Let q be l(m). Let j be 51/q - 1/2. Calculate the highest common factor of 4 and j.
4
Suppose -f - 2*p = -1, -3*p + 2*p = 4*f - 18. Calculate the greatest common factor of f and 35.
5
Suppose -3*m = -5*m, -3*d + 204 = 2*m. Calculate the greatest common divisor of 17 and d.
17
Suppose 242 = -2*w + 7*w + 3*d, -w + 66 = 5*d. Calculate the greatest common factor of w and 23.
23
Suppose -9 = 3*i, 0*w + 4*w + 3*i = 23. Let a be ((-4)/w)/((-1)/56). What is the highest common factor of 14 and a?
14
Let h = -10 + 16. Let l be (3*-3)/((-69)/506). Calculate the highest common divisor of h and l.
6
Let l(x) = -x**3 + 4*x**2 - 2*x + 1. Let u be l(3). Let n be (-1)/u + (-34)/(-8). Let k = 812 + -804. Calculate the highest common divisor of n and k.
4
Suppose 1757 = 8*t + 413. What is the highest common factor of t and 21?
21
Suppose -3*i + 15 = 0, 53 = 4*d - 3*d + 5*i. Calculate the greatest common factor of d and 98.
14
Let x = -45 - -65. Let o = -3 - -8. Suppose o*m - 4*m = 50. Calculate the greatest common divisor of x and m.
10
Suppose -5*i = -3*i - 8. Suppose 5*o - 2*o = b + 113, -5*o - 5*b + 155 = 0. Calculate the greatest common factor of o and i.
4
Let v = 41 - 5. What is the greatest common factor of v and 252?
36
Suppose 3*n - 176 = -n. Let q = -2 + 19. Suppose -4*d + q - 1 = 0. What is the greatest common divisor of n and d?
4
Let d be (-26)/(-18)*3*-3. Let v be (d/(-2))/((-5)/(-10)). What is the greatest common divisor of v and 13?
13
Let a(m) = -m**3 + 5*m**2 - 3*m + 17. Let n be a(4). What is the greatest common divisor of 189 and n?
21
Suppose 4*o - 5*r = 54, 4 = -3*o + 4*r + 45. Let w(v) = -v**2 + 11*v + 10. Let p be w(o). What is the highest common factor of p and 70?
10
Let f = 7 - 7. Let u be (f + 1 - -2) + -1. Let q be ((-384)/(-2))/3*u. What is the highest common divisor of q and 16?
16
Suppose -3*i + 27 = 2*w + 2, w - 10 = -i. What is the highest common divisor of 1 and w?
1
Let u = -31 - -40. Let v = 6 - 2. Let h be v/18 - (-214)/u. What is the greatest common factor of h and 3?
3
Let k(m) = 4*m - 9. Let l be k(6). Let g = 25 - l. What is the greatest common divisor of 2 and g?
2
Suppose -i - 3*j = 444, -3*i - 3*j = i + 1776. Let u be i/(-10) - (-6)/(-15). Calculate the greatest common divisor of 110 and u.
22
Let i(c) = c**2 - 8*c - 23. Let b be i(11). Suppose g = -41 + 131. Calculate the greatest common divisor of b and g.
10
Let l(d) = 21*d - 5. Let p(z) = 41*z - 11. Let x(i) = 9*l(i) - 4*p(i). Let h be x(1). Let c = 40 + -24. Calculate the greatest common factor of h and c.
8
Let p be (5 - 2) + 6*2. Suppose 3*c = 137 + 133. Calculate the highest common divisor of p and c.
15
Suppose 2911 = 4*f - 5*x + 501, f - 594 = -3*x. Suppose -y = 4*y - f. What is the greatest common factor of 48 and y?
24
Let s be 12/54 + (-176)/(-18). Let d = 1 + 1. What is the highest common factor of d and s?
2
Let y(z) = z**2 - 3*z + 2. Let b be y(4). Suppose -4 = -5*c + b, 0 = x - 4*c - 3. Let g be 7/(1 + (-10)/11). Calculate the highest common factor of x and g.
11
Let h be (172/6)/(2/3). Suppose 4*o - k = -33, 2*o + h = -3*o + 3*k. Let b = o - -17. Calculate the highest common factor of b and 3.
3
Suppose 25*q + 199 = 624. Let n be 2*(67/2)/1. Suppose -3*w + n + 188 = 0. What is the highest common factor of q and w?
17
Suppose 3*g - 129 = 51. Let u = 39 + -15. What is the greatest common factor of u and g?
12
Suppose 18 = r + 2*r. Let a be r/5 + 2/(-10). Let s(f) = 13*f**2 + 2*f - 1. Let h be s(a). Calculate the highest common divisor of 35 and h.
7
Let p(q) = q**3 - 2*q**2 - q - 2. Let l be p(2). Let k = 16 + l. Calculate the highest common divisor of 60 and k.
12
Suppose 0 = -g + 6*g. Suppose g*f + 3*f - 189 = 0. Calculate the greatest common divisor of 7 and f.
7
Suppose -m + 3*l + 21 = -0*l, m + 3*l - 51 = 0. What is the highest common factor of m and 4?
4
Suppose 0 = -f - 2*f + 84. Let b be 272/f - 4/(-14). Let c(k) = -k**3 + 6*k**2 + 3*k - 4. Let w be c(4). Calculate the greatest common divisor of w and b.
10
Let v = 50 - -18. Calculate the highest common divisor of v and 17.
17
Suppose p = -2*o + 40, -2*o + 3*o + 92 = 3*p. Calculate the greatest common divisor of 16 and p.
16
Let u = -166 + 342. Calculate the greatest common factor of u and 16.
16
Suppose -4*p + 139 + 29 = 0. Calculate the highest common factor of 12 and p.
6
Let x = -14 - -23. Suppose 4*o = 5*h - x, -h + 3 - 7 = 5*o. What is the highest common factor of 2 and h?
1
Let k = -8 - -11. Suppose -n = -2*a - 2*a + 25, 4*a - k*n - 27 = 0. What is the greatest common factor of a and 3?
3
Suppose -17 = 9*k - 143. What is the greatest common factor of k and 154?
14
Let d = -8 + 10. What is the greatest common factor of 3 and d?
1
Let b(i) = -i - 4. Let d be b(-4). Suppose d = 3*r - r - 26. Calculate the highest common divisor of 13 and r.
13
Let a = -36 - -78. Calculate the highest common divisor of 28 and a.
14
Let i be (-17)/(-2) - (1/(-2))/1. What is the highest common divisor of 6 and i?
3
Let i(t) = 5*t**2 + 3. Let x be i(4). Suppose y = 2*k + 305 - x, 0 = 4*k - 8. Suppose 3*z - 47 = y. What is the greatest common divisor of z and 13?
13
Let i(z) = -4*z - 2. Let h be i(-3). Let w = 14 - h. Suppose -a = -47 - w. Calculate the highest common factor of a and 17.
17
Let o(r) = -r**2 + 5*r + 4. Let q be o(5). Suppose -60 = -q*v + 32. Suppose 2*h = h + 2*g + v, 3*h = 3*g + 60. What is the greatest common divisor of 17 and h?
17
Let u be 6/(-15) - (-22)/5. Suppose w + u*w - 10 = 0. Let f be (4/10)/(w/10). What is the highest common divisor of f and 20?
2
Suppose 0 = 2*w + 4 - 8. Suppose -w*x - 17 = 9. Let y = x + 45. What is the highest common divisor of y and 4?
4
Let a = -23 - -17. Let g(i) = 3*i**2 + 8*i - 6. Let k be g(a). Calculate the highest common divisor of 9 and k.
9
Let y be 1/((2 - 1)/(-12)). Let o = y - 4. Let w be o/(-1) + -2 + 2. Calculate the highest common factor of 144 and w.
16
Let r(b) = -5*b - 3. Let f be r(-5). Suppose -d = 20 - 75. What 